-h**3 - 41*h**2 + 47*h + 23. Determine i(-42).
-187
Let i(u) = 3*u**3 + 177*u**2 - 22*u - 1258. Calculate i(-59).
40
Let h(r) = -24*r + 430. What is h(18)?
-2
Let a(h) = -h**2 - 52*h - 1. What is a(9)?
-550
Let m(y) = 14*y**2 + 38*y - 266. Give m(-6).
10
Let p(x) = -261*x + 8871. What is p(34)?
-3
Let y(w) = 11*w - 94. Determine y(-13).
-237
Let i(u) = u**3 - 2*u**2 - 263*u - 112. Calculate i(-15).
8
Let f(g) = -g**3 + 96*g**2 + 296*g + 85. Give f(99).
-14
Let k(d) = 5*d**3 + 4*d**2 - 10*d + 1. Give k(4).
345
Let h(b) = b**2 - 96*b + 456. Give h(91).
1
Let n(y) = -y**3 - 17*y**2 + 87*y + 58. What is n(-21)?
-5
Let w(p) = p**3 - 14*p**2 + 3*p - 38. Give w(11).
-368
Let o(r) = -3*r**2 - 100*r - 213. Give o(-31).
4
Let a(n) = -43*n - 915. Give a(-17).
-184
Let z(x) = -69*x - 122. What is z(-2)?
16
Let f(o) = 126*o + 236. Determine f(-2).
-16
Let r(m) = 60*m**2 + 2037*m + 19. What is r(-34)?
121
Let p(t) = 39*t + 331. Determine p(-18).
-371
Let k(z) = -86*z + 780. What is k(9)?
6
Let n(t) = -5*t**2 - 26*t + 13. What is n(-10)?
-227
Let x(i) = i**2 - 328. Give x(-15).
-103
Let j(o) = -40*o - 6. What is j(-1)?
34
Let v(c) = c**3 - 35*c**2 + 281*c - 22. Calculate v(11).
165
Let f(l) = -l**3 + 8*l**2 + 382*l - 6. Calculate f(-16).
26
Let x(n) = 4*n**2 + 74*n + 99. What is x(-16)?
-61
Let p(z) = 1723*z - 18961. Give p(11).
-8
Let h(p) = p**3 - 18*p**2 + 64*p + 41. What is h(13)?
28
Let c(o) = -4*o - 193. Calculate c(-33).
-61
Let c(t) = t**3 - 23*t**2 - 22*t - 11. What is c(24)?
37
Let b(d) = -2*d - 106. Determine b(-11).
-84
Let r(z) = z**3 - 36*z**2 + 310*z + 74. Determine r(15).
-1
Let r(h) = h**2 - 14*h - 12. Calculate r(-2).
20
Let h(b) = -82*b - 248. What is h(-3)?
-2
Let y(g) = -g**3 + 3*g**2 + 10*g - 1. What is y(6)?
-49
Let d(q) = -3*q**3 + 9*q**2 - 31*q + 2. Calculate d(2).
-48
Let o(f) = -1269*f - 3791. Give o(-3).
16
Let u(c) = 5*c**2 + 54*c + 28. Give u(-16).
444
Let b(w) = -w**2 - 58*w - 588. Give b(-12).
-36
Let x(p) = 10*p**2 - 173*p + 752. Give x(8).
8
Let p(h) = -45*h**2 - 344*h - 212. Give p(-7).
-9
Let z(v) = 259*v - 50. Determine z(3).
727
Let p(s) = 1727*s + 10383. What is p(-6)?
21
Let i(m) = 5428*m + 255115. What is i(-47)?
-1
Let s(i) = -2*i**3 - 45*i**2 - 45*i - 503. Calculate s(-22).
3
Let v(o) = 622*o - 6847. Calculate v(11).
-5
Let k(x) = 8*x**2 - 17*x - 132. Calculate k(7).
141
Let a(r) = -3*r**2 + 301*r - 3358. What is a(13)?
48
Let q(g) = -9*g**2 - 29*g - 74. Determine q(-4).
-102
Let w(q) = 86*q - 87. What is w(3)?
171
Let m(d) = -d**2 + 269*d + 6722. Determine m(-23).
6
Let n(u) = 779*u + 5451. Determine n(-7).
-2
Let k(j) = 131*j + 48. Calculate k(0).
48
Let l(p) = -3*p**2 + 58*p - 273. Determine l(11).
2
Let w(a) = -7*a**2 + a + 77. Calculate w(0).
77
Let b(p) = -87*p**3 - 2*p**2 - 20*p - 16. Calculate b(-1).
89
Let p(i) = 12*i**2 - 4*i - 227. Give p(6).
181
Let x(o) = 31*o**3 + 3*o**2 + 37*o + 35. Give x(-1).
-30
Let i(v) = -3*v**3 - 11*v**2 - 7*v - 26. Determine i(-5).
109
Let x(o) = -27*o - 572. Calculate x(-22).
22
Let s(g) = -18*g**3 + 73*g**2 - 7*g + 12. Calculate s(4).
0
Let r(w) = -23*w + 230. Calculate r(24).
-322
Let g(x) = -6*x**3 - 765*x**2 + 396*x + 1522. Give g(-128).
-14
Let r(a) = -3*a**3 + 6*a**2 + 6*a - 2. What is r(-5)?
493
Let s(q) = 63*q**2 - 872*q - 124. Calculate s(14).
16
Let l(f) = 212*f - 15055. Determine l(71).
-3
Let g(l) = -20*l - 65. What is g(0)?
-65
Let x(z) = -498*z - 1460. Give x(-3).
34
Let m(s) = -s**3 - 13*s**2 - 8*s - 12. What is m(-12)?
-60
Let k(p) = -2793*p - 80993. What is k(-29)?
4
Let p(y) = 177*y - 3391. Calculate p(19).
-28
Let x(k) = k**3 - 54*k**2 + 290*k - 97. What is x(48)?
-1
Let w(c) = 266*c - 2655. Determine w(10).
5
Let a(h) = h**3 - 6*h**2 - 1767*h + 12315. Calculate a(7).
-5
Let y(c) = 4*c**3 + 185*c**2 + 50*c + 245. Calculate y(-46).
61
Let p(f) = f**2 - 1766*f - 7091. Calculate p(-4).
-11
Let b(s) = -s**3 + 3*s**2 + 7*s + 22. Calculate b(5).
7
Let w(b) = 12*b**3 - 7*b**2 + 4*b - 9. What is w(2)?
67
Let q(o) = 2*o**2 + 192*o - 1012. Calculate q(-101).
-2
Let u(p) = p**3 + 31*p**2 - 177*p + 112. Determine u(-36).
4
Let x(r) = -3*r**2 + 580*r + 6106. Calculate x(-10).
6
Let z(b) = -b**2 + 15*b + 21. Calculate z(-17).
-523
Let c(d) = 965*d - 3883. Determine c(4).
-23
Let f(o) = -622*o + 2506. Give f(4).
18
Let n(k) = k**3 - 4*k**2 + 9*k + 72. Give n(-4).
-92
Let t(y) = -y**3 - 18*y**2 - 13*y + 55. Determine t(-4).
-117
Let o(q) = 20*q - 1307. Give o(65).
-7
Let s(q) = 2*q**2 - 10*q - 54. What is s(8)?
-6
Let s(p) = 54*p + 514. Give s(-10).
-26
Let j(z) = -5*z + 204. Calculate j(40).
4
Let g(r) = r**2 + 86*r + 742. Calculate g(-76).
-18
Let v(d) = -4*d**3 + 649*d**2 - 141*d - 3421. Give v(162).
-19
Let w(k) = 4*k**3 - 44*k**2 - 15*k + 61. Calculate w(11).
-104
Let v(p) = 17*p - 332. Calculate v(19).
-9
Let w(t) = -t**3 + 79*t**2 - 406*t - 17. Give w(5).
-197
Let f(g) = -7*g**2 + 2*g - 27. Calculate f(-3).
-96
Let g(v) = -7*v - 216. Determine g(-32).
8
Let p(d) = d**2 - 35*d - 86. What is p(37)?
-12
Let j(l) = 18*l - 57. Give j(4).
15
Let v(f) = 362*f - 1825. Determine v(5).
-15
Let c(g) = -g**3 + 33*g**2 + 148*g - 6. Calculate c(-4).
-6
Let u(c) = c**3 - 9*c**2 - 43*c + 404. Determine u(7).
5
Let s(h) = -h**3 - 17*h**2 - 65*h - 18. What is s(-11)?
-29
Let u(a) = -12*a**2 + 58*a + 108. Give u(7).
-74
Let y(i) = i**3 - 7*i**2 - 415*i - 1769. Calculate y(-5).
6
Let k(u) = u**3 - 12*u**2 - 63*u + 723. What is k(12)?
-33
Let t(r) = 2*r**3 + 9*r**2 + 20*r + 53. Calculate t(-3).
20
Let u(i) = 3*i**3 + 6*i**2 + 11*i + 13. Determine u(-3).
-47
Let y(f) = 77*f - 474. Determine y(6).
-12
Let d(m) = m**3 - 69*m**2 + 138*m - 5. Determine d(2).
3
Let i(b) = b**3 - 6*b**2 - 16*b + 74. Calculate i(7).
11
Let p(u) = 203*u + 7948. Calculate p(-39).
31
Let n(j) = 5*j**3 - 4*j**2 - 17*j - 44. What is n(-5)?
-684
Let l(n) = -n**2 - 5*n + 308. What is l(0)?
308
Let d(r) = -14*r + 444. Determine d(3).
402
Let a(y) = -y**3 + 40*y**2 - 30*y - 362. Determine a(39).
-11
Let f(u) = -2282*u + 89000. Give f(39).
2
Let m(i) = i**2 + 46*i - 86. Determine m(-49).
61
Let c(s) = 65*s - 529. Give c(7).
-74
Let w(m) = -34*m - 122. Determine w(-8).
150
Let k(h) = 25*h**2 + 1241*h + 66. Give k(-49).
-718
Let o(w) = -w**3 + 39*w**2 + 101*w - 2445. What is o(40)?
-5
Let y(i) = -71*i + 5900. Determine y(84).
-64
Let l(g) = -3*g**3 - 68*g**2 + 20*g + 30. What is l(-23)?
99
Let x(v) = 43*v**3 + v**2 - 4*v + 2. Give x(1).
42
Let d(r) = -r**3 + 11*r**2 + 15*r - 38. Give d(12).
-2
Let d(c) = -29*c + 56. Calculate d(-2).
114
Let i(z) = 44*z + 1593. Calculate i(-36).
9
Let f(u) = -41*u - 1. Give f(0).
-1
Let s(g) = 3*g**2 - 78*g + 208. Give s(3).
1
Let q(f) = 701*f + 2677. Calculate q(-4).
-127
Let q(n) = 4*n + 432. Give q(-16).
368
Let t(v) = v**2 + 71*v - 380. What is t(5)?
0
Let b(l) = -6356*l - 63566. Give b(-10).
-6
Let i(o) = -24155*o - 24146. What is i(-1)?
9
Let k(s) = -3*s**3 - 159*s**2 - 7*s - 393. Determine k(-53).
-22
Let s(k) = 19*k - 122. Calculate s(10).
68
Let k(g) = -4*g**3 - 5*g**2 - 13*g - 36. Calculate k(-2).
2
Let v(w) = -5*w**3 + 3*w**2 + 5*w + 26. What is v(-4)?
374
Let g(y) = 10*y**3 - 26*y**2 - 7*y + 6. Determine g(4).
202
Let y(s) = -s**2 + 71*s + 1526. Determine y(-17).
30
Let j(c) = 5*c - 56. Calculate j(-16).
-136
Let p(v) = -9*v**3 + 42*v**2 + 14*v - 1. Calculate p(5).
-6
Let q(t) = -2*t + 114. Give q(22).
70
Let h(p) = 91*p - 1410. Calculate h(15).
-45
Let f(t) = 4*t - 82. Calculate f(0).
-82
Let s(q) = -2*q**3 - 21*q**2 - 17*q. Determine s(-8).
-184
Let z(f) = -7*f - 27. What is z(0)?
-27
Let l(d) = -d**3 + 19*d**2 - 58*d + 20. Determine l(10).
340
Let p(h) = -14*h - 171. What is p(-13)?
11
Let r(i) = 182*i**2 - 2551*i + 34. What is r(14)?
-8
Let q(d) = -6*d + 237. Calculate q(36).
21
Let f(z) = -z**3 - 8*z + 89. Give f(0).
89
Let u(m) = 766*m - 1532. Determine u(2).
0
Let f(r) = -10*r - 128. Calculate f(0).
-128
Let c(f) = -29*f**2 - 1371*f - 116. Calculate c(-47).
260
Let x(l) = -l**2 - 145*l + 18932. Calculate x(83).
8
Let o(z) = -16*z**2 + 839*z - 376. Determine o(52).
-12
Let j(q) = -11*q**2 + 47*q - 243. Calculate j(6).
-357
Let l(j) = -4595*j - 32155. Determine l(-7).
10
Let j(h) = -4*h + 31. Determine j(25).
-69
Let g(u) = 2*u**3 + 35*u**2 + 22*u + 93. Calculate g(-17)